. Let h be s(10). Suppose h = 2*n - 0. What are the prime factors of n?
3
Suppose -2*z + 3*t = -5*z + 3, 20 = -4*t. Suppose h + 3*h = 204. List the prime factors of (2/z)/(1/h).
17
Let m(o) = 2*o + 28. List the prime factors of m(7).
2, 3, 7
Suppose -99 = 7*j - 925. List the prime factors of j.
2, 59
Let f(h) be the third derivative of h**4/24 - h**3 - 7*h**2. What are the prime factors of f(12)?
2, 3
Let t(r) = 1 + 2 - r**3 + 2*r**3 + 6*r**2. Let p be t(-6). Suppose -p*d + 0*g = g - 24, -2*d + 16 = 2*g. What are the prime factors of d?
2
Let b(l) = -l**3 - 2*l**2 + l + 3. What are the prime factors of b(-5)?
73
Suppose 21 = h + 5*p, -5 + 30 = h + p. List the prime factors of h.
2, 13
What are the prime factors of (-10)/(-3)*(-72)/(-30)?
2
Let d(g) = -5*g + 1. Let i be d(-2). Let x be (-1*10 - -2)/(-1). Let b = i - x. What are the prime factors of b?
3
Suppose -3*s - 80 = -8*s. Let q = s - 29. Let b = 25 + q. List the prime factors of b.
2, 3
Let k = 417 - 253. Let m be k/12 + 2/6. Suppose -5*i - m = -99. List the prime factors of i.
17
Suppose 1 = 3*z - 3*w - 2, 5*z - 7 = 3*w. Suppose -5*p - 5*t = 50, -z*t = 3*p + 3*t + 38. What are the prime factors of (20/p)/(2/(-3))?
5
Suppose 102 - 648 = -3*k. List the prime factors of k.
2, 7, 13
Let c(z) = -2*z + 4. Suppose -3*o + 5 = 35. List the prime factors of c(o).
2, 3
Let h = -2 + -1. Let n = h + 18. What are the prime factors of n?
3, 5
Suppose 4*o + f - 51 = o, 3*o + 4*f - 60 = 0. Let r = -8 + o. What are the prime factors of r?
2
Let p = -25 - -35. What are the prime factors of p?
2, 5
Suppose -458 = -2*m - 3*h, 4*m + h - 227 = 3*m. What are the prime factors of m?
223
Let j(a) = -a**3 - 4*a**2 + 5*a - 1. Let r be j(-5). Let g be (23 - (1 - -2))/r. List the prime factors of 4/g - (-16)/5.
3
Let y(r) = r - 5. Let m be y(8). Suppose 0 = m*z - 17 - 10. Suppose 0 = a - z + 1. List the prime factors of a.
2
Let d(g) = -g**2 + 9*g. Let q be (6 + -3)/((-3)/(-7)). Let r be d(q). Let p = r + 4. List the prime factors of p.
2, 3
Let v(q) = q**3 - 3*q**2 - q + 4. Let r be v(3). List the prime factors of (-12 + 1)*(r + -2).
11
Let l(m) = 35*m - 59*m - 41*m. Let s be l(-1). Suppose 2*h + 3*h = s. What are the prime factors of h?
13
Let f(r) = -2*r + 4. Let k be f(3). Let a be 2 + (-5)/((-5)/k). Suppose -8*j + 3*j + 45 = a. List the prime factors of j.
3
Let l(d) = -7*d - 2. Let o be l(-3). Suppose -2*h = -23 - o. What are the prime factors of h?
3, 7
Let w(s) = -4*s + 4*s - s**3 + 24 - 2*s - s**2 + s. What are the prime factors of w(0)?
2, 3
Let u(a) = -a - 11. Let p be u(-6). Let d(s) = -5*s + 12. List the prime factors of d(p).
37
Let f be ((-3)/(-9))/(1/12). Suppose -6*i + 56 = -f*i. What are the prime factors of i?
2, 7
Suppose -4*d + 10 = -2*d. Suppose 3*z - 147 = -d*w, -w - 135 = -3*z - 2*w. What are the prime factors of z?
2, 11
Let u = 16 - 11. Suppose 5*p = g - 5*g - 2, g + 13 = u*p. List the prime factors of p.
2
Let k(t) = -t**2 + 11*t + 3. Let o(i) = -5*i**2 + 45*i + 13. Let n(y) = 9*k(y) - 2*o(y). Let z be n(-8). Let q = z + 21. What are the prime factors of q?
2, 7
Suppose -9 = -3*g - 3*w, -3 = 4*w + 1. Let j be 2/8 - 223/(-4). Suppose -3*t + g = -j. List the prime factors of t.
2, 5
Let k(v) = -3*v + 1. Let r be k(10). Let q = r - -56. List the prime factors of q.
3
Let i be -162 - (4/2)/(-2). List the prime factors of (-1 + -1)*i/14.
23
Let r = 10 - 8. Suppose 0 = 6*o - r*o - 16. Suppose -o*g + 9*g - 35 = 0. What are the prime factors of g?
7
Suppose -5*a = -0*a - 10. Let x be 78/(-12) - (-1)/a. What are the prime factors of 1 - (-3 + x) - -1?
11
Suppose -j = -0*j - 4. Let l be (3 - 2)/(j/16). What are the prime factors of 260/36 - l/18?
7
Let v = 275 - 151. List the prime factors of v.
2, 31
Let v = -3 + 0. Let i be (12/2)/(-1 - v). What are the prime factors of 9/2*2/i?
3
Let b(k) = -k**3 - 5*k**2 + k - 5. Let f be b(-5). Let o be 4/f + 12/5. Suppose 0 = -o*q + 5 + 5. What are the prime factors of q?
5
List the prime factors of 3192/(-63)*6/(-4).
2, 19
Suppose 1 + 16 = r + 5*j, 0 = -3*j + 3. What are the prime factors of 10*1/4*r?
2, 3, 5
Let x(a) = -6*a**2 - 2*a - 16. Let v(b) = -2*b**2 - b - 5. Let w(s) = 14*v(s) - 5*x(s). List the prime factors of w(5).
2, 5
Let u(p) = 5*p**2 + 6*p + 2. Let t(x) = -11*x**2 - 13*x - 4. Let w(k) = 4*t(k) + 9*u(k). Let g be w(-3). Let n(c) = c - 2. What are the prime factors of n(g)?
3
Suppose 4*f - 2 = 10. What are the prime factors of f?
3
Let w(v) = -2*v**3 + 4*v**2 - 3*v + 2. Let p be w(2). Suppose -y - 3 + 4 = 0. Let z = y - p. What are the prime factors of z?
5
Suppose 36 = 2*n + 10. Suppose v + 93 = 4*t, -9 = -t - v + n. What are the prime factors of t?
23
What are the prime factors of 4*4/(4 - 0)?
2
Let h be 6/3*(-10)/(-4). Let z(f) = f**2 - 7. What are the prime factors of z(h)?
2, 3
Let p = 0 - 1. Let a be -1 + (1 - 2) + p. Let f(b) = -b**2 - 5*b - 4. List the prime factors of f(a).
2
Suppose 5*i + 5*q - q = 360, 0 = 2*i + 4*q - 132. What are the prime factors of i?
2, 19
Let b(h) = -h**2 - 5*h + 6. Let m be b(-6). Let g be (0 - (-28 - -2))*2. Suppose m = 2*d + 2*d - g. List the prime factors of d.
13
Suppose -4*t + h = -76 - 37, t - 47 = 4*h. List the prime factors of t.
3
Suppose 0 = 2*s + 3*j - 263, 5*s = -0*j + 5*j + 620. List the prime factors of s.
127
Let z(h) = h**2 - 3*h - 4. Let b be z(6). Let v be 1/2 - b/(-4). Suppose -v*a + 6*a = 2*j + 8, a - 3*j + 6 = 0. What are the prime factors of a?
3
Let i be (-33)/(-9) + (-2)/(-6). Suppose -i*m - 2 + 34 = 0. List the prime factors of m.
2
Let d(a) = -a**2 - 7*a + 8. Let y(c) = -c**3 - 15*c**2 - 14*c - 7. Let i be y(-14). Let l be d(i). Suppose 0 = 3*n - l*n + 20. What are the prime factors of n?
2
Suppose -3*d - 6 = 0, -d - 79 = -3*u + d. What are the prime factors of u?
5
Let n(a) = -a + 1. Let m be n(-1). Suppose 3*t - 1 = -10, -m*t - 14 = -4*w. Suppose -5 = -z - w. What are the prime factors of z?
3
Suppose 20 = -k + 3*k. What are the prime factors of k?
2, 5
Suppose -2*k + 4*o + 70 = 0, -2*k = o + o - 100. Let u = k + -30. What are the prime factors of u?
3, 5
Suppose -3*s + 123 = -s + r, -3*s - 2*r = -182. Suppose 3*y - 23 - s = 0. List the prime factors of y.
29
Let h be 30 - 9/(-6)*-2. Let r be h*18 - (-1 + 3). List the prime factors of r/24 - 2/12.
2, 5
Let i be -2 + 1 + -1 + 5. Let r(a) = -a**2 - 2*a + 3. Let z be r(i). List the prime factors of 0 - 0 - -1 - z.
13
Suppose 672 = c + 2*c. What are the prime factors of (12/(-14))/((-4)/c)?
2, 3
Suppose 25 = -0*s + s. Suppose -4*k + 5*d - 10 = -k, -4*k - d + s = 0. Suppose 0 = j - 2*x - 25, k*j - 3*x - 66 = 2*j. List the prime factors of j.
19
List the prime factors of ((-15)/20)/(2/(-56)).
3, 7
Let z(u) = u**2 + 1. Let n be z(-1). Suppose -3 = -q - n, 0 = -2*o + 5*q + 5. Suppose -2*y + 11 = -o. List the prime factors of y.
2
Suppose 0*l = 5*l - 15. Suppose -l*a = -0*a - 21. Suppose -2*w - 40 = -a*w. What are the prime factors of w?
2
Let c(r) = 143*r**3 - r. List the prime factors of c(1).
2, 71
List the prime factors of (15/6 - 3) + 1370/4.
2, 3, 19
Let d(b) = 2*b**2. Let k be d(-1). Suppose 15 = k*w - 19. Suppose -5*t = -5*o + w + 68, 0 = o + 2*t - 17. What are the prime factors of o?
17
Let n(p) = -2*p - 4. Let v(r) = -r - 1. Let f be v(-4). Let a be -15*f/((-30)/(-4)). List the prime factors of n(a).
2
Suppose 2*l - 9 = 1. Suppose 3*o - l*t = 120, -7*o + 3*o + 131 = 3*t. What are the prime factors of o?
5, 7
Let t be 51/(-12) - (-3)/12. Let z(w) = -w**3 - 3*w**2 + 2*w - 4. List the prime factors of z(t).
2
Let r be 3/(-15) + (-41)/(-5). Suppose -r = -v - 3. What are the prime factors of v?
5
Suppose 0 = -2*y + 4*y - 5*g + 8, 14 = 5*y - 4*g. List the prime factors of y.
2, 3
Suppose -u = 2*h - 33, -u = 3*h + 14 - 48. What are the prime factors of u?
31
Let a(x) = -4*x**3. Let b be a(1). What are the prime factors of -2 - b*(-12)/(-3)?
2, 7
Suppose 5*p = 2*c - 1 - 28, 2*p = -4*c + 70. What are the prime factors of c?
17
Let p(x) = -x**2 - 5*x + 2. Let z be p(-5). Suppose -o - z = -1. List the prime factors of (o/(-2))/((-1)/(-20)).
2, 5
Let v be (-36)/(-21) + (-12)/(-42). Suppose -6 = 2*r, r - 55 = -x + v*r. What are the prime factors of x?
2, 13
Let b be 6/21 + 32/(-14). Let w be (b/(-4))/(2/24). List the prime factors of 2/(-3)